mon divisor of 75 and a?
15
Let z = 5941 + -5523. What is the highest common divisor of 220 and z?
22
Let t(l) = 7*l**2 + l + 1. Let y be t(-2). Let v = 1245 + -764. Suppose -5*o = -5, -a + 5*o + v = 2*a. Calculate the highest common divisor of a and y.
27
Let v be (-4)/1 + 33 - 2. Let q be (-6)/v - (-1470)/54. Let d = -2 + 5. Calculate the greatest common divisor of d and q.
3
Let u be 154/3*(86 + -83). Let t = 1 - -5. Suppose t*m - 3*m - 42 = 0. Calculate the highest common factor of u and m.
14
Let t(d) = -d + 50. Let k be -4*(1 + (-165)/6). Let c = k + -95. Let r be t(c). Calculate the greatest common factor of r and 13.
13
Suppose 5*z - 414 = -z. Let b = z + -65. Suppose -5*i + 500 = 2*v, -b*v + 407 = 4*i - v. Calculate the highest common factor of 14 and i.
14
Let l = -12552 - -12692. Let u = -67 + 97. Calculate the greatest common factor of l and u.
10
Suppose 4*f - 2*z + 205 = -3*z, 2*z - 140 = 3*f. Let h = 53 + f. Suppose 44 = b - h*g, 4*b - 2*g - 185 = -49. What is the greatest common factor of b and 8?
8
Let k(p) = 7*p**3 + 4*p**2 - 56*p + 224. Let x be k(4). Calculate the highest common divisor of 6912 and x.
256
Let r be -51*(-4)/36 - (-20)/60. Let c be 0 + -3 + 1 - -6. Suppose 3*b - 60 = -c*x, -b = 2*x + b - 32. Calculate the highest common divisor of x and r.
6
Let p(z) = -z**3 - 7*z**2 - 8*z - 9. Let j be p(-6). Let d be (-15 - j/(-1))/(-2). Let f = -397 - -439. What is the highest common factor of f and d?
6
Let v(x) = -x**3 - 11*x**2 - 5*x - 9. Let g(p) = 2*p - 15 - 5*p + 2*p + 0*p. Let r be g(-4). Let j be v(r). What is the highest common factor of j and 69?
23
Suppose -71*n + 4280 - 1043 = -2301. What is the highest common factor of n and 102?
6
Let u be 54/(-45)*10/4. Let g(t) = -4*t**3 + 12*t**2 + 8*t + 6. Let k be g(u). Calculate the highest common factor of 18 and k.
18
Let h = -3461 + 3458. Let i(d) = 17*d - 1. Let u be i(2). Let a = u - h. Calculate the greatest common factor of 12 and a.
12
Let n = 7496 + -7448. What is the greatest common divisor of n and 852?
12
Suppose -3*z + 102 = 7*z - 108. What is the greatest common factor of z and 10521?
21
Let u = -7 + 31. Let o = -297 + 532. Let p = -229 + o. What is the greatest common factor of u and p?
6
Suppose -v = 69 - 209. What is the greatest common divisor of v and 400?
20
Let c(j) = 3*j**2 + 26*j - 98. Let w(y) = 10*y**2 + 77*y - 296. Let b(k) = -7*c(k) + 2*w(k). Let f be b(-30). What is the greatest common factor of 374 and f?
34
Suppose 32*r = 31*r + 110. Let t = -116 + r. Let q(a) = -a**3 - 6*a**2 - 4*a + 10. Let f be q(t). Calculate the greatest common divisor of 17 and f.
17
Suppose 33 = 8*z - 71. Suppose 10*t = z*t - 24. What is the greatest common factor of 2 and t?
2
Let a = 61 - 60. Let k be (1/(-3))/(((-4)/60)/a). Suppose k*o - 1144 = -8*o. What is the greatest common divisor of o and 8?
8
Let c(w) = -1123*w**2 + 0*w + 3 - 5*w + 1164*w**2. Let p be (-4 - -3)*(-1 + 0). Let k be c(p). Calculate the highest common divisor of 52 and k.
13
Let d(a) = 5*a - 5*a - 185*a**2 + 187*a**2 + 7*a - 7. Let c be d(-5). What is the highest common divisor of c and 124?
4
Suppose -5*s + 10*s = -330. Let m be 120 + -1 - (s + 71). Calculate the greatest common divisor of m and 38.
38
Let s be (27/(-4) - 2)*-20. Suppose 3*p - 87 = -44*m + 47*m, p - 5 = -5*m. What is the highest common factor of s and p?
25
Let b(o) = 805*o + 859. Let k be b(1). Calculate the greatest common factor of k and 52.
52
Let u be ((-20)/30*(2 + 1))/((-6)/46257). What is the greatest common divisor of u and 17?
17
Let v be (12/(-7))/(-8 + 3 + (-2514)/(-504)). Suppose -2*t - 3*t - r = -274, 224 = 4*t + 2*r. Calculate the highest common divisor of v and t.
18
Suppose 0 = -8*k - 95 + 167. Let n be -1*((-1 - 1) + 2). Suppose n = 3*o + 3 - 6. What is the highest common divisor of o and k?
1
Let o(y) = -y**2 + 26*y + 90. Let k be o(29). Suppose 5*h + 5*d = 54 + 76, -3*h = -k*d - 108. Calculate the greatest common divisor of 31 and h.
31
Let y be ((-10)/21*6/2)/(8612/(-753550)). What is the greatest common factor of 875 and y?
125
Suppose g - 99 = -2*m - 35, -2*g - 3*m = -128. Let p = 32 + -17. Let k be (p/30)/(1/64). Calculate the greatest common factor of k and g.
32
Let o(x) = x**3 - 11*x**2 - 13*x + 16. Let q be o(12). Suppose -n + 4 = 6. Let d be n/6 + 175/21. What is the greatest common divisor of d and q?
4
Suppose 0 = 4*r - 639 - 833. Let d(v) = -1324*v - 26457. Let c be d(-20). Calculate the highest common divisor of r and c.
23
Let j = 231 + -134. Suppose 0 = 10*k - 63 - j. What is the greatest common divisor of 48 and k?
16
Suppose -25827*p + 25852*p = 1500. Calculate the greatest common factor of p and 19860.
60
Let o(t) = -t + 4. Let f be o(0). Let p be (f + 284)/3 + -4. Calculate the greatest common divisor of 23 and p.
23
Suppose 0 = -24*i + 199 + 188 - 99. Calculate the greatest common factor of i and 8604.
12
Let r be 41 + (15 - 53) + -2*2/(-4). Calculate the greatest common divisor of r and 394.
2
Let x be (-72)/(-180) - (-2)/10*333. Suppose x*a - 58*a - 162 = 0. What is the highest common divisor of 504 and a?
18
Let s = 682 + -520. Let i = -108 + s. Calculate the highest common divisor of 99 and i.
9
Suppose -28*y = -4870 - 4146. What is the highest common factor of 207 and y?
23
Suppose 3*a - d = -60 - 68, -a - 44 = d. Let w = -38 - a. Suppose 27 = 3*j + i - 21, 82 = w*j + i. Calculate the greatest common divisor of j and 51.
17
Let c be (20/16 + (-1)/((-24)/1810))*3. What is the highest common divisor of 520 and c?
10
Let v(n) = -11*n - 31. Suppose 0 = -5*m - 103 + 73. Let y be v(m). Calculate the greatest common factor of 140 and y.
35
Suppose -1140 = 4*b + 4*r, 0 = -2*b - r - 0*r - 568. Let p = 760 + b. Let y = p - 337. Calculate the greatest common divisor of 56 and y.
28
Let m(y) = 4*y + 58. Let b be m(-12). Suppose 4*o = u + 1802, -2*o + b*u - 5*u = -892. What is the greatest common factor of o and 41?
41
Suppose -111*u = -3*c - 116*u + 893, -2*c - 3*u + 595 = 0. Suppose 3*n - n - 444 = 0. What is the highest common factor of n and c?
74
Let s(a) = -a**2 + 109*a + 1792. Let d be s(89). What is the highest common divisor of d and 470?
94
Let l = 20 + -20. Let d be 89/(-1 + 2 - l). Let w be -1 + (3 + d - 3). What is the greatest common divisor of 8 and w?
8
Let a(v) = v**3 + 5*v**2 - 9*v - 8. Let p be a(-6). Let x(t) = 10*t**2 - 669*t + 1338. Let b be x(2). Calculate the greatest common divisor of p and b.
10
Suppose -20*g - 1104 = -28*g. Let y = -118 + g. What is the highest common factor of 60 and y?
20
Suppose -3*m - 15 = 0, 1444 = 4*h + 3*m - 2021. Suppose 0 = -3*u - 5*g + 80, -3*u + 5*g - 3*g + 94 = 0. Calculate the highest common divisor of h and u.
30
Let y(n) = n - 3. Let m(c) = -2*c + 45. Let r(t) = m(t) - 2*y(t). Let q be r(11). Calculate the greatest common divisor of 56 and q.
7
Let i = 91 + -18. Suppose 2*t + i = 59. Let n = 36 + t. Calculate the highest common factor of n and 1.
1
Suppose 79 - 21 = 2*z. Suppose 0 = 5*c - 106 - z. What is the greatest common factor of c and 486?
27
Suppose 8*d = 6*d + 30. Let c be -1 + 28/20 - (-684)/d. Suppose -52*a = -c*a - 1344. What is the highest common divisor of a and 32?
32
Let f(g) = -7*g - 8. Let v be f(-4). Suppose -1850*s = -1829*s - 5460. What is the greatest common factor of s and v?
20
Let y be 216/60 - 4/(-10). Suppose y*p + 37 = 5. Let g be 0 - (4/3)/(p/12). Calculate the greatest common divisor of 6 and g.
2
Let t(l) = 37*l**2 - 768*l - 5384. Let j be t(-7). What is the highest common divisor of 665 and j?
95
Let b be 145/45 - 2/9. Suppose -2*z = -2*l + 922, -b*z + 5*z = -2*l + 918. Calculate the greatest common divisor of l and 20.
20
Suppose 5*x + 735 = -5*l, -4*x - 3*l - 761 = -170. Let t = -84 - x. What is the greatest common divisor of t and 18?
6
Let q(m) be the second derivative of 3*m**4/4 + 25*m**3/6 - 2*m**2 + 91*m. Let o be q(-5). Calculate the highest common divisor of 160 and o.
32
Let a = -218 - -222. Suppose 0 = -a*k - 5*n + 12, -19 = -2*k + 2*n + 5. What is the greatest common factor of k and 12?
4
Let o be (-70856)/(-85) - 48/30. Calculate the greatest common factor of o and 572.
52
Suppose -2*g - 87 = -153. Suppose -20 = -a - 4*x + 16, 4*x = a - 4. Let d = -9 + a. Calculate the greatest common fac